= q + -1. List the prime factors of g.
2, 3
Suppose -h + a = 4*a - 61, 3*a - 213 = -3*h. List the prime factors of h.
2, 19
Suppose g + 5 = 0, j - 63 - 77 = g. List the prime factors of j.
3, 5
Suppose -213 = 5*v - 58. Let y = v - -53. What are the prime factors of y?
2, 11
Let v = -1 + 4. Suppose -3*y - v*x + 0*x = -12, 5*y - 2*x = 27. Suppose -y*u = -1 - 14. What are the prime factors of u?
3
Let h(k) = 7*k + 1. List the prime factors of h(5).
2, 3
Suppose -22*b = -19*b - 99. What are the prime factors of b?
3, 11
Let r(k) = k**3 + 11*k**2 + 5*k - 16. Let s(y) = -y**3 - 11*y**2 - 4*y + 15. Let q(i) = 4*r(i) + 5*s(i). What are the prime factors of q(-11)?
11
Let s(u) = 5*u - 2*u - 2 - 2*u. What are the prime factors of s(6)?
2
Let g be 2/((-4)/(-32)*4). Suppose -g*s - 2*z = s - 199, -2*z = 2*s - 82. List the prime factors of s.
3, 13
Let b(k) = -k**2 - 8*k - 3. Let c be b(-6). Suppose -4*z = -c - 39. List the prime factors of z.
2, 3
Let s = 16 - 11. Let y be 6 + -3 + -3 + s. Suppose -y*l = -19 - 1. List the prime factors of l.
2
Let b be -291*(4/(-3))/(-1). What are the prime factors of (-4)/10 + b/(-20)?
19
Let c be -5*((-1)/(-5) + -2). Let x = c + 4. List the prime factors of x.
13
Let a(k) = k**2 - 6*k - 3. Let z be a(7). Let o = z - -8. What are the prime factors of o?
2, 3
Let v = 10 - -25. What are the prime factors of v?
5, 7
Let y(p) = p**3 - p**2 + 7. Let t be y(0). Let m = t - 3. What are the prime factors of m/(-6)*42/(-4)?
7
Let g(i) be the first derivative of -5*i**4/4 + i**3/3 + 3*i + 3. Let l(n) = 14*n**3 - 2*n**2 - 8. Let m(h) = -8*g(h) - 3*l(h). List the prime factors of m(-2).
2
Let p = -31 + 20. Let t = 4 - p. List the prime factors of t.
3, 5
List the prime factors of (-8)/(-64) + 3550/16.
2, 3, 37
Let q(b) = -b + 22. Let r be q(9). Let k(a) = -a**2 - 4*a + 2. Let y be k(-4). Let w = r + y. What are the prime factors of w?
3, 5
Let q be (2/4)/(4/(-16)). Let w be -2 + q + (-48)/(-2). List the prime factors of 52/5 + 12/w.
11
Let p(z) = -z**3 + 3*z**2 + z - 1. Let y = 11 - 8. Let s be p(y). Suppose 0*x = -s*x + 24. List the prime factors of x.
2, 3
Suppose h - 2 = 0, -3*p = -5*p - h + 884. List the prime factors of p.
3, 7
Let q(a) = -a - 3. Let v be q(-9). Suppose 4*t - t - v = 0. What are the prime factors of 5 + -2*t/(-4)?
2, 3
Suppose h - 4*h - 102 = 0. Let j = -21 - h. What are the prime factors of j?
13
What are the prime factors of (2/3)/(4/258)?
43
Suppose -2 = s - 11. List the prime factors of s.
3
Suppose -3*k = 5*o - 2*o - 15, 25 = 5*o - 2*k. Suppose -2*y + o*q + 62 = -0*y, 3*q = 4*y - 110. What are the prime factors of y?
2, 13
Suppose 4*b - 4*j = -16, 4*j = -2*b - 0*b - 20. Let n = 10 + b. What are the prime factors of 9/(-6)*n/(-3)?
2
Suppose -4*s - 5*q - 73 = 0, 4*q - 106 = 3*s - 28. Let i = s - -64. List the prime factors of i.
2, 3, 7
Let u = -11 - -41. Let j be (6/(-4))/((-3)/u). Let x = j + 4. List the prime factors of x.
19
Let f(a) = -25*a**3 - 2*a**2 - 2*a + 1. What are the prime factors of f(-2)?
197
Let a be -2*(10/(-4) + 1). Suppose -a*r + 32 = r. Let z = r + 3. What are the prime factors of z?
11
Suppose 4*s = 2*s + 10. Suppose 2*n = 5*j - 331, 3*j = s*n + 98 + 112. Suppose 0 = -4*o - o + j. What are the prime factors of o?
13
Let f(y) = -y**3 - 8*y**2 + 6*y - 11. Let v(g) = g**2 - 9. Let c be v(0). List the prime factors of f(c).
2
Let l(g) = -2*g - 3. Let a(m) = m + 1. Let c(i) = -17*a(i) - 6*l(i). List the prime factors of c(-1).
2, 3
Let w be (-20)/2*(-25)/2. Suppose -4*m + 49 = 4*c - 123, -w = -3*m + c. List the prime factors of m.
2, 3, 7
Let p = -6 - -11. Suppose 5*l - 44 = -4*j, 4*l - p*l + 10 = 2*j. Let a(c) = -c**3 + 9*c**2 - 8*c + 5. List the prime factors of a(l).
5
Suppose 0*y + y - 1 = 0, -2*y - 5 = -q. Let k = 37 - q. List the prime factors of ((-4)/3)/((-5)/k).
2
Let n(r) be the third derivative of 3*r**4/8 - 2*r**3/3 - r**2. What are the prime factors of n(3)?
23
Suppose -5*u - i - 41 = -135, 4*i = u - 2. Suppose 2 + u = 4*o. Suppose o*t - 39 - 1 = 0. List the prime factors of t.
2
Let v(i) = i**3 + 4*i**2 + i + 4. Let a(k) = -k - 12. Let m be a(-8). Let s be v(m). Suppose 3*b + 5*r = r + 52, s = -b - 3*r + 24. List the prime factors of b.
2, 3
Suppose 0*b + 5 = -b - 5*w, 2*w = -b - 8. Suppose 0 = -5*i - 10, -i = 4*u + 2*i + 30. List the prime factors of 16/b*45/u.
2, 3
Let w(h) be the second derivative of h**4/12 + 2*h**3/3 + h**2 + h. Let x be w(-4). Suppose 2*y + 2*v - 38 = 0, 3*y - x*v - 30 = y. List the prime factors of y.
17
Let s = 18 + -13. Suppose w - 3 = s*u, -4*w + 0*w - 2*u = -34. List the prime factors of w.
2
Let g(s) = -s**3 + 4*s**2 - 5*s. Let t(p) = 2*p**3 - 9*p**2 + 11*p. Let m(b) = -7*g(b) - 4*t(b). What are the prime factors of m(6)?
2, 3
Let p(q) = -q**3 - 7*q**2 - 6*q - 9. Let s be p(-6). Let g = 25 + s. Suppose -5*j + 5*v = 6 - 76, -j - 5*v = g. List the prime factors of j.
3
Suppose -3*o + 145 + 80 = 0. Suppose -5*v - o = -5*d, 3*v + 3*d + 66 = -d. Let t = v + 28. What are the prime factors of t?
2, 5
Let x be (-12)/(2*(-6)/80). Let f = x - 47. Suppose 0 = -3*r - 4*g + f, 0 = -7*r + 2*r - 3*g + 55. What are the prime factors of r?
11
Suppose -3*f = -44 - 961. What are the prime factors of f?
5, 67
Let y(s) = -s**2 + 4*s - 2. Let m be y(2). Suppose -5*f = m*p - 225, -4*p + 8 = f - 55. What are the prime factors of f?
43
Suppose -3*s - 3*v = 48, -4*v = -s + v - 46. Let b = 22 - s. What are the prime factors of b?
43
Suppose 0 = -3*z + 3 + 12. Suppose 61 = z*t - 4. List the prime factors of t.
13
Let o = 13 - 5. Let n be o/3*(1 + 2). Let l = n + 0. List the prime factors of l.
2
Let i(a) = -a**3 + 8*a**2 + 9*a + 2. Let r be i(9). Suppose -3*p - r*p + 100 = 0. What are the prime factors of p?
2, 5
Suppose 4*o + 0*i = 5*i + 41, -4*o = 3*i - 1. Suppose 8 = -2*x + 2*u, x - 3*u + o = -0*x. Let c = 7 + x. What are the prime factors of c?
3
Let z = -65 - -114. What are the prime factors of z?
7
Let z = 5 - 3. Suppose p = -z*p. Suppose 3*b - 11 - 31 = p. List the prime factors of b.
2, 7
Suppose -b = 3 + 3. Let t(g) = -g**3 - 7*g**2 - 9*g - 3. What are the prime factors of t(b)?
3, 5
Let u be (-12)/(-8)*(-2)/(-3). Let g = u - 4. What are the prime factors of (g/(-1))/((-9)/(-6))?
2
Let i be 8/28 + 12/7. Let z = 0 + i. Suppose 1 = z*o - 5. List the prime factors of o.
3
Suppose -10 + 35 = -5*a, -2*z = -2*a - 78. What are the prime factors of z?
2, 17
Let n be 6/(-2) + 0 + 5. Let g be 1/n + 29/2. What are the prime factors of (g/(-2))/(1/(-2))?
3, 5
Let z be 12/(-18) - 83/(-3). Let x = 39 - z. What are the prime factors of x?
2, 3
Let u(m) = 2*m**2 + 6*m + 6. Let b be u(-5). What are the prime factors of b + (-1 - (1 - 2))?
2, 13
Let c(s) = -6 - 2*s + 0 + 6*s. What are the prime factors of c(6)?
2, 3
Suppose 0*u + 4*m = 2*u + 2, -2*u - 3*m + 12 = 0. Suppose -u*k + h + 29 = k, -19 = -2*k + 5*h. What are the prime factors of k?
7
Let j be 8/4 - (2 + -4). Suppose -j*m = -0 - 12. Suppose -4 - 18 = -2*y + 2*c, -13 = -y + m*c. What are the prime factors of y?
2, 5
Suppose -3*i - 21 = -6. Let c = i + 2. List the prime factors of 0 + -1 - 18/c.
5
Suppose d + 11 = 12. List the prime factors of d - ((-208)/(-4))/(-2).
3
Let t(b) = -5*b. Let n = 6 + -8. What are the prime factors of t(n)?
2, 5
Let x = -10 - -13. Let l = 11 - x. What are the prime factors of l?
2
Let j be (1*3)/(3/36). Let r = j + -22. What are the prime factors of r?
2, 7
Suppose 3*t - 106 - 17 = -2*s, 0 = -4*s - 5*t + 241. List the prime factors of s.
2, 3
Let x = 74 - 22. What are the prime factors of x?
2, 13
Let q be (8 - 9)/(1/3). What are the prime factors of (3 - -22) + -2 + q?
2, 5
Let o(h) = h**3 + 4*h**2 - h + 2. Let l be o(-4). Suppose l*b - g - 10 = 2*b, 5*g = -10. What are the prime factors of b?
2
Let a(j) = j**2 - j - 7. Let c be 4/14 - (-66)/14. What are the prime factors of a(c)?
13
Suppose -3*x + 7*x = 184. List the prime factors of x.
2, 23
Suppose 2*i + 13 = -f + 40, 4*i + 4*f = 48. Suppose -7*c + 2*c + i = 0. Suppose -2*o = -13 - c. What are the prime factors of o?
2
Let g = 157 + -22. List the prime factors of g.
3, 5
Suppose 3*t = 6*t + 6. Let u(b) = -b**2 - b. Let z be u(t). What are the prime factors of 1/z - (-63)/6?
2, 5
Let r(v) = v + 3. Let a be r(-3). Suppose -5*u = q + 13, a = -4